{"id":8017,"date":"2022-03-14T16:46:06","date_gmt":"2022-03-14T19:46:06","guid":{"rendered":"https:\/\/colegiowelcomeschool.cl\/sitioweb\/?page_id=8017"},"modified":"2025-03-24T09:47:59","modified_gmt":"2025-03-24T12:47:59","slug":"reglamento-de-evaluacion","status":"publish","type":"page","link":"https:\/\/colegiowelcomeschool.cl\/sitioweb\/reglamento-de-evaluacion\/","title":{"rendered":"REGLAMENTO DE EVALUACI\u00d3N"},"content":{"rendered":"\n<p>Es un instrumento de la gesti\u00f3n pedag\u00f3gica que entrega los lineamientos para el seguimiento de los aprendizajes de los estudiantes en base a una evaluaci\u00f3n justa, objetiva de tipo formativa para los distintos niveles educacionales y que cumple con las directrices del decreto 67\/ 2018 , que debe ser conocido por la comunidad educativa .<\/p>\n\n\n\n<p><a href=\"https:\/\/colegiowelcomeschool.cl\/sitioweb\/wp-content\/uploads\/2025\/03\/REGLAMENTO-DE-EVALUACION-2025.pdf\" data-type=\"link\" data-id=\"https:\/\/colegiowelcomeschool.cl\/sitioweb\/wp-content\/uploads\/2025\/03\/REGLAMENTO-DE-EVALUACION-2025.pdf\" target=\"_blank\" rel=\"noreferrer noopener\">Visualizar Reglamento de Evaluaci\u00f3n<\/a><\/p>\n","protected":false},"excerpt":{"rendered":"<p>Es un instrumento de la gesti\u00f3n pedag\u00f3gica que entrega los lineamientos para el seguimiento de los aprendizajes de los estudiantes en base a una evaluaci\u00f3n justa, objetiva de tipo formativa para los distintos niveles educacionales y que cumple con las directrices del decreto 67\/ 2018 , que debe ser conocido [&hellip;]<\/p>\n","protected":false},"author":2,"featured_media":0,"parent":0,"menu_order":0,"comment_status":"closed","ping_status":"closed","template":"","meta":{"footnotes":""},"class_list":["post-8017","page","type-page","status-publish","hentry"],"_links":{"self":[{"href":"https:\/\/colegiowelcomeschool.cl\/sitioweb\/wp-json\/wp\/v2\/pages\/8017","targetHints":{"allow":["GET"]}}],"collection":[{"href":"https:\/\/colegiowelcomeschool.cl\/sitioweb\/wp-json\/wp\/v2\/pages"}],"about":[{"href":"https:\/\/colegiowelcomeschool.cl\/sitioweb\/wp-json\/wp\/v2\/types\/page"}],"author":[{"embeddable":true,"href":"https:\/\/colegiowelcomeschool.cl\/sitioweb\/wp-json\/wp\/v2\/users\/2"}],"replies":[{"embeddable":true,"href":"https:\/\/colegiowelcomeschool.cl\/sitioweb\/wp-json\/wp\/v2\/comments?post=8017"}],"version-history":[{"count":7,"href":"https:\/\/colegiowelcomeschool.cl\/sitioweb\/wp-json\/wp\/v2\/pages\/8017\/revisions"}],"predecessor-version":[{"id":11059,"href":"https:\/\/colegiowelcomeschool.cl\/sitioweb\/wp-json\/wp\/v2\/pages\/8017\/revisions\/11059"}],"wp:attachment":[{"href":"https:\/\/colegiowelcomeschool.cl\/sitioweb\/wp-json\/wp\/v2\/media?parent=8017"}],"curies":[{"name":"wp","href":"https:\/\/api.w.org\/{rel}","templated":true}]}}