{"id":3329,"date":"2018-11-12T10:11:03","date_gmt":"2018-11-12T13:11:03","guid":{"rendered":"https:\/\/colegiowelcomeschool.cl\/sitioweb\/?page_id=3329"},"modified":"2018-11-12T11:14:04","modified_gmt":"2018-11-12T14:14:04","slug":"himno-institucional","status":"publish","type":"page","link":"https:\/\/colegiowelcomeschool.cl\/sitioweb\/himno-institucional\/","title":{"rendered":"HIMNO INSTITUCIONAL"},"content":{"rendered":"<p>&nbsp;<\/p>\n<div class=\"wp-playlist wp-audio-playlist wp-playlist-light\">\n\t\t\t<div class=\"wp-playlist-current-item\"><\/div>\n\t\t<audio controls=\"controls\" preload=\"none\" width=\"1178\"\n\t\t\t><\/audio>\n\t<div class=\"wp-playlist-next\"><\/div>\n\t<div class=\"wp-playlist-prev\"><\/div>\n\t<noscript>\n\t<ol>\n\t\t<li><a href='https:\/\/colegiowelcomeschool.cl\/sitioweb\/wp-content\/uploads\/2018\/11\/Himno-Colegio-Cantado.mp3'>HIMNO INSTITUCIONAL<\/a><\/li>\t<\/ol>\n\t<\/noscript>\n\t<script type=\"application\/json\" class=\"wp-playlist-script\">{\"type\":\"audio\",\"tracklist\":false,\"tracknumbers\":true,\"images\":false,\"artists\":true,\"tracks\":[{\"src\":\"https:\/\/colegiowelcomeschool.cl\/sitioweb\/wp-content\/uploads\/2018\/11\/Himno-Colegio-Cantado.mp3\",\"type\":\"audio\/mpeg\",\"title\":\"HIMNO INSTITUCIONAL\",\"caption\":\"\",\"description\":\"\\\"Himno-Colegio-Cantado\\\". Pista 1.\",\"meta\":{\"length_formatted\":\"3:20\"},\"image\":{\"src\":\"https:\/\/colegiowelcomeschool.cl\/sitioweb\/wp-includes\/images\/media\/audio.svg\",\"width\":48,\"height\":64},\"thumb\":{\"src\":\"https:\/\/colegiowelcomeschool.cl\/sitioweb\/wp-includes\/images\/media\/audio.svg\",\"width\":48,\"height\":64}}]}<\/script>\n<\/div>\n\t\n<p><strong>I<\/strong><\/p>\n<p>Bienvenido alumno ac\u00e1 a mis aulas<br \/>\nSi t\u00fa quieres superarte y aprender<br \/>\nAbre la puerta del conocimiento<br \/>\nCon la llave que te entregar\u00e1 el saber<br \/>\nAbre la puerta del conocimiento<br \/>\nCon la llave que te entregar\u00e1 el saber<\/p>\n<p><strong><em>CORO:<\/em><\/strong><\/p>\n<p>Enclavada all\u00e1 en Pe\u00f1alol\u00e9n<br \/>\nBajo el austral y brillante cielo azul<br \/>\nA los pies de la nevada cordillera<br \/>\nEst\u00e1s presente Welcome School<br \/>\nA los pies de la nevada cordillera<br \/>\nEst\u00e1s presente Welcome School<\/p>\n<p><strong>II<\/strong><\/p>\n<p>Junto a las letras la ciencia y el deporte<br \/>\nTambi\u00e9n el arte seguro ha de sentir<br \/>\nCon la gu\u00eda y el apoyo del maestro<br \/>\nUn gran futuro tu podr\u00e1s construir<br \/>\nCon la gu\u00eda y el apoyo del maestro<br \/>\nUn gran futuro tu podr\u00e1s construir<\/p>\n<p><strong><em>CORO:<\/em><\/strong><\/p>\n<p>Enclavada all\u00e1 en Pe\u00f1alol\u00e9n<br \/>\nBajo el austral y brillante cielo azul<br \/>\nA los pies de la nevada cordillera<br \/>\nEst\u00e1s presente Welcome School<br \/>\nA los pies de la nevada cordillera<br \/>\nEst\u00e1s presente Welcome School<\/p>\n<p><strong>III<\/strong><\/p>\n<p>Los valores que te ense\u00f1ar\u00e1 la escuela<br \/>\nDesde el principio y la solidaridad<br \/>\nEl respeto por la patria y la familia<br \/>\nEl compa\u00f1ero y la diversidad<br \/>\nEl respeto por la patria y la familia<br \/>\nEl compa\u00f1ero y la diversidad<\/p>\n<p><strong><em>CORO:<\/em><\/strong><\/p>\n<p>Enclavada all\u00e1 en pe\u00f1alolen<br \/>\nBajo el austral y brillante cielo azul<br \/>\nA los pies de la nevada cordillera<br \/>\nEst\u00e1s presente Welcome School<br \/>\nA los pies de la nevada cordillera<br \/>\nEst\u00e1s presente Welcome School<\/p>\n<p>&nbsp;<\/p>\n","protected":false},"excerpt":{"rendered":"<p>&nbsp; I Bienvenido alumno ac\u00e1 a mis aulas Si t\u00fa quieres superarte y aprender Abre la puerta del conocimiento Con la llave que te entregar\u00e1 el saber Abre la puerta del conocimiento Con la llave que te entregar\u00e1 el saber CORO: Enclavada all\u00e1 en Pe\u00f1alol\u00e9n Bajo el austral y brillante [&hellip;]<\/p>\n","protected":false},"author":2,"featured_media":0,"parent":0,"menu_order":0,"comment_status":"closed","ping_status":"closed","template":"","meta":{"footnotes":""},"class_list":["post-3329","page","type-page","status-publish","hentry"],"_links":{"self":[{"href":"https:\/\/colegiowelcomeschool.cl\/sitioweb\/wp-json\/wp\/v2\/pages\/3329","targetHints":{"allow":["GET"]}}],"collection":[{"href":"https:\/\/colegiowelcomeschool.cl\/sitioweb\/wp-json\/wp\/v2\/pages"}],"about":[{"href":"https:\/\/colegiowelcomeschool.cl\/sitioweb\/wp-json\/wp\/v2\/types\/page"}],"author":[{"embeddable":true,"href":"https:\/\/colegiowelcomeschool.cl\/sitioweb\/wp-json\/wp\/v2\/users\/2"}],"replies":[{"embeddable":true,"href":"https:\/\/colegiowelcomeschool.cl\/sitioweb\/wp-json\/wp\/v2\/comments?post=3329"}],"version-history":[{"count":4,"href":"https:\/\/colegiowelcomeschool.cl\/sitioweb\/wp-json\/wp\/v2\/pages\/3329\/revisions"}],"predecessor-version":[{"id":3519,"href":"https:\/\/colegiowelcomeschool.cl\/sitioweb\/wp-json\/wp\/v2\/pages\/3329\/revisions\/3519"}],"wp:attachment":[{"href":"https:\/\/colegiowelcomeschool.cl\/sitioweb\/wp-json\/wp\/v2\/media?parent=3329"}],"curies":[{"name":"wp","href":"https:\/\/api.w.org\/{rel}","templated":true}]}}