{"id":327,"date":"2015-10-05T16:55:15","date_gmt":"2015-10-05T16:55:15","guid":{"rendered":"https:\/\/colegiowelcomeschool.cl\/sitioweb\/?page_id=327"},"modified":"2025-03-13T12:27:10","modified_gmt":"2025-03-13T15:27:10","slug":"mision-y-vision","status":"publish","type":"page","link":"https:\/\/colegiowelcomeschool.cl\/sitioweb\/mision-y-vision\/","title":{"rendered":"MISI\u00d3N Y VISI\u00d3N"},"content":{"rendered":"<p><strong>Misi\u00f3n<\/strong><\/p>\n<p>La Misi\u00f3n de nuestro Colegio Welcome School, es entregar una educaci\u00f3n de calidad, que disminuya la desigualdad, que haga posible<img loading=\"lazy\" decoding=\"async\" class=\" wp-image-3799 alignright\" src=\"https:\/\/colegiowelcomeschool.cl\/sitioweb\/wp-content\/uploads\/2018\/11\/hhh.jpg\" alt=\"\" width=\"262\" height=\"116\" srcset=\"https:\/\/colegiowelcomeschool.cl\/sitioweb\/wp-content\/uploads\/2018\/11\/hhh.jpg 1357w, https:\/\/colegiowelcomeschool.cl\/sitioweb\/wp-content\/uploads\/2018\/11\/hhh-300x133.jpg 300w, https:\/\/colegiowelcomeschool.cl\/sitioweb\/wp-content\/uploads\/2018\/11\/hhh-768x341.jpg 768w, https:\/\/colegiowelcomeschool.cl\/sitioweb\/wp-content\/uploads\/2018\/11\/hhh-510x226.jpg 510w, https:\/\/colegiowelcomeschool.cl\/sitioweb\/wp-content\/uploads\/2018\/11\/hhh-180x80.jpg 180w\" sizes=\"auto, (max-width: 262px) 100vw, 262px\" \/> la concreci\u00f3n de crecimiento intelectual, val\u00f3rico y social, independiente de su situaci\u00f3n econ\u00f3mica, acoge y atiende la diversidad, sin discriminar en cuanto a g\u00e9nero, religi\u00f3n, etnia y orientaci\u00f3n sexual, sustentada en los valores, siendo \u00e9stos junto a la familia los pilares fundamentales para desarrollar las habilidades, h\u00e1bitos y competencias que les permitan a los ni\u00f1os y ni\u00f1as un desarrollo integro, para enfrentar con \u00e9xito los desaf\u00edos, ya sean, educativos, personales y sociales.<\/p>\n<p><img loading=\"lazy\" decoding=\"async\" class=\" wp-image-3255 alignleft\" src=\"https:\/\/colegiowelcomeschool.cl\/sitioweb\/wp-content\/uploads\/2018\/11\/dire.jpg\" alt=\"\" width=\"201\" height=\"270\" srcset=\"https:\/\/colegiowelcomeschool.cl\/sitioweb\/wp-content\/uploads\/2018\/11\/dire.jpg 714w, https:\/\/colegiowelcomeschool.cl\/sitioweb\/wp-content\/uploads\/2018\/11\/dire-223x300.jpg 223w, https:\/\/colegiowelcomeschool.cl\/sitioweb\/wp-content\/uploads\/2018\/11\/dire-510x686.jpg 510w, https:\/\/colegiowelcomeschool.cl\/sitioweb\/wp-content\/uploads\/2018\/11\/dire-60x80.jpg 60w\" sizes=\"auto, (max-width: 201px) 100vw, 201px\" \/><\/p>\n<p style=\"text-align: justify;\"><strong>Visi\u00f3n<\/strong><\/p>\n<p>Los alumnos(as) formados en nuestro Colegio Welcome School, ser\u00e1n capaces de integrarse y cumplir exitosamente los requerimientos y exigencias que demanda el sistema educativo nacional, demostrando a trav\u00e9s de su actuar, los principios y valores recibidos en nuestro colegio. Importante ser\u00e1 la adquisici\u00f3n efectiva de las herramientas cognitivas, afectivas y tecnol\u00f3gicas, aprendidas en los a\u00f1os de permanencia en el colegio,\u00a0\u00a0 para enfrentar su futuro, en el contexto de un mundo globalizado que exige ciudadanos proactivos, responsables, con actitud positiva y confiables como personas y dotados de s\u00f3lidos valores.<\/p>\n<p>&nbsp;<\/p>\n","protected":false},"excerpt":{"rendered":"<p>Misi\u00f3n La Misi\u00f3n de nuestro Colegio Welcome School, es entregar una educaci\u00f3n de calidad, que disminuya la desigualdad, que haga posible la concreci\u00f3n de crecimiento intelectual, val\u00f3rico y social, independiente de su situaci\u00f3n econ\u00f3mica, acoge y atiende la diversidad, sin discriminar en cuanto a g\u00e9nero, religi\u00f3n, etnia y orientaci\u00f3n sexual, [&hellip;]<\/p>\n","protected":false},"author":2,"featured_media":0,"parent":0,"menu_order":0,"comment_status":"closed","ping_status":"closed","template":"","meta":{"footnotes":""},"class_list":["post-327","page","type-page","status-publish","hentry"],"_links":{"self":[{"href":"https:\/\/colegiowelcomeschool.cl\/sitioweb\/wp-json\/wp\/v2\/pages\/327","targetHints":{"allow":["GET"]}}],"collection":[{"href":"https:\/\/colegiowelcomeschool.cl\/sitioweb\/wp-json\/wp\/v2\/pages"}],"about":[{"href":"https:\/\/colegiowelcomeschool.cl\/sitioweb\/wp-json\/wp\/v2\/types\/page"}],"author":[{"embeddable":true,"href":"https:\/\/colegiowelcomeschool.cl\/sitioweb\/wp-json\/wp\/v2\/users\/2"}],"replies":[{"embeddable":true,"href":"https:\/\/colegiowelcomeschool.cl\/sitioweb\/wp-json\/wp\/v2\/comments?post=327"}],"version-history":[{"count":7,"href":"https:\/\/colegiowelcomeschool.cl\/sitioweb\/wp-json\/wp\/v2\/pages\/327\/revisions"}],"predecessor-version":[{"id":11027,"href":"https:\/\/colegiowelcomeschool.cl\/sitioweb\/wp-json\/wp\/v2\/pages\/327\/revisions\/11027"}],"wp:attachment":[{"href":"https:\/\/colegiowelcomeschool.cl\/sitioweb\/wp-json\/wp\/v2\/media?parent=327"}],"curies":[{"name":"wp","href":"https:\/\/api.w.org\/{rel}","templated":true}]}}