{"id":10190,"date":"2023-10-02T14:28:55","date_gmt":"2023-10-02T17:28:55","guid":{"rendered":"https:\/\/colegiowelcomeschool.cl\/sitioweb\/?page_id=10190"},"modified":"2023-10-02T14:28:57","modified_gmt":"2023-10-02T17:28:57","slug":"lab-de-informatica","status":"publish","type":"page","link":"https:\/\/colegiowelcomeschool.cl\/sitioweb\/lab-de-informatica\/","title":{"rendered":"LAB. DE INFORM\u00c1TICA"},"content":{"rendered":"\n<p>Aqu\u00ed podr\u00e1s revisar la disponibilidad de uso de nuestro laboratorio de Inform\u00e1tica.<\/p>\n\n\n\n<p>Si vas a agendar, recuerda avisar al encargado.<\/p>\n\n\n\n<figure><iframe loading=\"lazy\" src=\"https:\/\/calendar.google.com\/calendar\/embed?src=c_188faiv3hq1sgg8mng5951mvjl5064gncdnmopb7d5nnepbccdnmqpbjcdk6urrc5phmo%40resource.calendar.google.com&amp;ctz=America%2FSantiago\" width=\"800\" height=\"600\"><\/iframe><\/figure>\n","protected":false},"excerpt":{"rendered":"<p>Aqu\u00ed podr\u00e1s revisar la disponibilidad de uso de nuestro laboratorio de Inform\u00e1tica. Si vas a agendar, recuerda avisar al encargado.<\/p>\n","protected":false},"author":2,"featured_media":0,"parent":0,"menu_order":0,"comment_status":"closed","ping_status":"closed","template":"","meta":{"footnotes":""},"class_list":["post-10190","page","type-page","status-publish","hentry"],"_links":{"self":[{"href":"https:\/\/colegiowelcomeschool.cl\/sitioweb\/wp-json\/wp\/v2\/pages\/10190","targetHints":{"allow":["GET"]}}],"collection":[{"href":"https:\/\/colegiowelcomeschool.cl\/sitioweb\/wp-json\/wp\/v2\/pages"}],"about":[{"href":"https:\/\/colegiowelcomeschool.cl\/sitioweb\/wp-json\/wp\/v2\/types\/page"}],"author":[{"embeddable":true,"href":"https:\/\/colegiowelcomeschool.cl\/sitioweb\/wp-json\/wp\/v2\/users\/2"}],"replies":[{"embeddable":true,"href":"https:\/\/colegiowelcomeschool.cl\/sitioweb\/wp-json\/wp\/v2\/comments?post=10190"}],"version-history":[{"count":1,"href":"https:\/\/colegiowelcomeschool.cl\/sitioweb\/wp-json\/wp\/v2\/pages\/10190\/revisions"}],"predecessor-version":[{"id":10196,"href":"https:\/\/colegiowelcomeschool.cl\/sitioweb\/wp-json\/wp\/v2\/pages\/10190\/revisions\/10196"}],"wp:attachment":[{"href":"https:\/\/colegiowelcomeschool.cl\/sitioweb\/wp-json\/wp\/v2\/media?parent=10190"}],"curies":[{"name":"wp","href":"https:\/\/api.w.org\/{rel}","templated":true}]}}